70?
False
Does 5 divide 4260?
True
Is 611 a multiple of 47?
True
Is 16 a factor of 1239?
False
Does 10 divide 8840?
True
Does 15 divide 536?
False
Does 14 divide 189?
False
Is 1512 a multiple of 12?
True
Is 11800 a multiple of 59?
True
Is 7 a factor of 924?
True
Is 14412 a multiple of 52?
False
Is 32 a factor of 25013?
False
Does 44 divide 4861?
False
Does 31 divide 624?
False
Is 202 a factor of 15958?
True
Does 18 divide 9529?
False
Is 9 a factor of 20762?
False
Does 47 divide 570?
False
Does 22 divide 1870?
True
Is 14 a factor of 3388?
True
Is 1937 even?
False
Is 27 a factor of 26319?
False
Is 74 a factor of 15092?
False
Is 18 a factor of 103446?
True
Is 316 a multiple of 4?
True
Is 40 a multiple of 37?
False
Is 370 a multiple of 37?
True
Does 11 divide 273?
False
Does 12 divide 18480?
True
Is 8614 a multiple of 73?
True
Is 10120 a multiple of 92?
True
Does 11 divide 33?
True
Is 3528 a multiple of 98?
True
Is 25419 a multiple of 90?
False
Is 59 a factor of 280?
False
Is 10780 a multiple of 91?
False
Is 4288 a multiple of 134?
True
Is 3675 a multiple of 8?
False
Is 127 a factor of 456?
False
Is 27725 a multiple of 9?
False
Is 229 a factor of 12366?
True
Is 47 a factor of 1655?
False
Does 7 divide 2793?
True
Does 16 divide 1485?
False
Does 24 divide 78192?
True
Does 4 divide 3099?
False
Does 6 divide 107?
False
Does 115 divide 21255?
False
Is 693 a multiple of 8?
False
Is 777 a multiple of 33?
False
Is 9 a factor of 108?
True
Is 55 a factor of 2035?
True
Is 1169 a multiple of 17?
False
Is 22 a factor of 3379?
False
Is 154 a factor of 3580?
False
Is 11844 a multiple of 141?
True
Does 17 divide 5534?
False
Is 3 a factor of 2543?
False
Is 3643 a multiple of 94?
False
Is 158 a factor of 8303?
False
Is 36 a factor of 3636?
True
Does 12 divide 3588?
True
Does 249 divide 25647?
True
Is 3494 a multiple of 117?
False
Is 27 a factor of 77913?
False
Does 60 divide 600?
True
Is 1611 a multiple of 15?
False
Is 36 a factor of 3651?
False
Is 6844 a multiple of 63?
False
Is 950 a multiple of 95?
True
Does 52 divide 572?
True
Does 30 divide 31982?
False
Does 139 divide 2224?
True
Is 4379 a multiple of 8?
False
Does 41 divide 1576?
False
Does 72 divide 936?
True
Does 140 divide 18620?
True
Does 7 divide 1651?
False
Does 172 divide 8084?
True
Is 74334 a multiple of 39?
True
Does 21 divide 323?
False
Is 31 a factor of 24707?
True
Is 14 a factor of 1190?
True
Does 28 divide 4704?
True
Is 70619 a multiple of 136?
False
Does 120 divide 19848?
False
Is 22 a factor of 397?
False
Is 668 a multiple of 12?
False
Does 14 divide 179079?
False
Is 58 a factor of 1972?
True
Is 1537 a multiple of 32?
False
Does 7 divide 717?
False
Is 54 a factor of 611?
False
Is 1044 a multiple of 4?
True
Is 7392 a multiple of 33?
True
Does 20 divide 20?
True
Does 35 divide 32549?
False
Is 18 a factor of 6156?
True
Is 65 a factor of 13173?
False
Is 6 a factor of 1199?
False
Is 148 a factor of 122331?
False
Is 32 a factor of 960?
True
Does 70 divide 781?
False
Is 3 a factor of 2871?
True
Is 39220 a multiple of 53?
True
Is 2793 a multiple of 21?
True
Is 7850 a multiple of 9?
False
Is 63 a factor of 275?
False
Does 170 divide 80580?
True
Is 125869 a multiple of 112?
False
Is 3450 a multiple of 15?
True
Does 19 divide 7341?
False
Is 6 a factor of 83?
False
Is 22 a factor of 8734?
True
Does 60 divide 30780?
True
Does 15 divide 2580?
True
Is 1544 a multiple of 4?
True
Does 22 divide 5270?
False
Is 10 a factor of 102?
False
Is 4 a factor of 318?
False
Is 11 a factor of 1058?
False
Is 56844 a multiple of 29?
False
Is 1633 a multiple of 23?
True
Is 122 a multiple of 6?
False
Does 36 divide 5616?
True
Is 41 a factor of 3947?
False
Does 92 divide 15548?
True
Is 14171 a multiple of 9?
False
Is 205 a multiple of 41?
True
Is 27 a factor of 810?
True
Is 104 a multiple of 8?
True
Is 1008 a multiple of 24?
True
Is 4473 a multiple of 7?
True
Is 1458 a multiple of 81?
True
Is 3710 a multiple of 14?
True
Is 1241 a multiple of 73?
True
Does 89 divide 26878?
True
Does 20 divide 22882?
False
Is 65 a factor of 2222?
False
Is 1594 even?
True
Does 150 divide 6000?
True
Is 315 a multiple of 12?
False
Does 19 divide 5548?
True
Does 50 divide 5300?
True
Is 636 a multiple of 106?
True
Is 11 a factor of 31822?
False
Does 60 divide 7161?
False
Does 7 divide 27300?
True
Is 405 a multiple of 9?
True
Does 69 divide 6227?
False
Is 11943 a multiple of 119?
False
Is 18 a factor of 2758?
False
Is 1488 a multiple of 13?
False
Is 261 a factor of 7679?
False
Is 41 a factor of 4407?
False
Is 85 a factor of 8510?
False
Is 151 a factor of 10570?
True
Does 15 divide 12825?
True
Does 11 divide 374?
True
Does 17 divide 89959?
False
Is 5556 a multiple of 97?
False
Does 27 divide 391?
False
Does 141 divide 7614?
True
Is 13 a factor of 2401?
False
Is 154 a factor of 7392?
True
Is 366 a multiple of 15?
False
Is 13 a factor of 8216?
True
Does 50 divide 350?
True
Does 20 divide 579?
False
Does 34 divide 39962?
False
Is 215 a multiple of 5?
True
Does 58 divide 1202?
False
Is 79 a factor of 221?
False
Is 3 a factor of 253?
False
Is 75 a factor of 6970?
False
Does 9 divide 932?
False
Does 2 divide 204?
True
Does 19 divide 228?
True
Is 2097 a multiple of 7?
False
Does 16 divide 81280?
True
Is 4 a factor of 7992?
True
Is 77 a factor of 327?
False
Does 145 divide 93235?
True
Does 17 divide 5442?
False
Is 15533 a multiple of 277?
False
Is 2 a factor of 134?
True
Is 2457 a multiple of 27?
True
Is 202536 a multiple of 24?
True
Is 140 a multiple of 20?
True
Is 62 a factor of 13349?
False
Is 33 a factor of 719?
False
Is 20 a factor of 1793?
False
Does 44 divide 947?
False
Is 48 a factor of 4129?
False
Is 37 a factor of 13716?
False
Does 130 divide 25480?
True
Is 96 even?
True
Is 7896 a multiple of 123?
False
Is 2450 a multiple of 50?
True
Is 16 a factor of 5008?
True
Does 10 divide 3161?
False
Does 15 divide 4814?
False
Does 18 divide 1492?
False
Does 71 divide 1195?
False
Is 1377 a multiple of 83?
False
Does 14 divide 2030?
True
Is 30 a factor of 1260?
True
Is 654 even?
True
Is 19 a factor of 3420?
True
Is 744 a multiple of 8?
True
Is 1360 a multiple of 5?
True
Is 12 a factor of 615?
False
Is 97 a factor of 4074?
True
Is 305 a multiple of 3?
False
Does 106 divide 1326?
False
Is 1239 a multiple of 2?
False
Is 28 a factor of 10280?
False
Is 26 a factor of 8138?
True
Is 9504 a multiple of 96?
True
Is 4687 a multiple of 9?
False
Is 118 a factor of 11659?
False
Is 2783 a multiple of 11?
True
Is 15 a factor of 3405?
True
Is 1996 a multiple of 25?
False
Does 6 divide 1632?
True
Is 1105 a multiple of 17?
True
Is 17 a factor of 343?
False
Does 11 divide 11405?
False
Is 5742 a multiple of 58?
True
Is 4302 a multiple of 19?
False
Does 8 divide 9600?
True
Is 1651 a multiple of 13?
True
Is 39 a factor of 1716?
True
Is 10764 a multiple of 69?
True
Is 55 a factor of 808?
False
Does 2 divide 499?
False
Is 4 a factor of 150?
False
Does 18 divide 2725?
False
Is 11 a factor of 100?
False
Is 29770 a multiple of 5?
True
Is 2812 a multiple of 3?
False
Is 12 a factor of 456?
True
Is 8 a factor of 62996?
False
Does 75 divide 7875?
True
Is 7 a factor of 5381?
False
Does 36 divide 1567?
False
Is 48 a factor of 467?
False
Is 29 a factor of 9298?
False
Is 290 a multiple of 14?
False
Does 3 divide 37?
False
Does 11 divide 11957?
True
Is 264 a multiple of 66?
True
Is 19 a factor of 7902?
False
Is 336 a multiple of 12?
True
Is 2365 a multiple of 43?
True
Is 2324 a multiple of 7?
True
Does 75 divide 19575?
True
Does 3 divide 3724?
False
Is 11172 a multiple of 147?
True
Does 16 divide 58672?
True
Does 35 divide 2485?
True
Is 23 a factor of 2070?
True
Is 22 a factor of 1928?
False
Does 14 divide 11921?
False
Is 2 a factor of 6884?
True
Is 1957 a multiple of 19?
True
Is 409 a multiple of 3?
False
Is 9 a factor of 29988?
True
Does 227 divide 81737?
False
Is 5 a factor of 2359?
False
Does 16 divide 640?
True
Is 10664 a multiple of 31?
True
Does 262 divide 30952?
False
Is 100688 a multiple of 45?
False
Is 861 a multiple of 24?
False
Does 13 divide 2035?
False
Is 770 a multiple of 70?
True
Is 7206 a multiple of 19?
False
Is 10 a factor of 350?
True
Is 28 a factor of 574?
False
Is 2 a factor of 6042?
True
Is 15 a factor of 189?
False
Does 106 divide 6136?
False
Is 10 a factor of 3959?
False